 Let m be o(-3). Suppose 273 = m*n + n. Is n a prime number?
False
Is (-15012)/(-60) + 8/10 composite?
False
Let w = 182 - 55. Is w a composite number?
False
Let p be -5 + 3 + 5 + 1. Suppose -k + 345 = p*k. Is k composite?
True
Suppose -2*y - 58 = 3*m + 69, 3*y - 3 = 0. Let i = -171 - m. Let l = i + 205. Is l a composite number?
True
Let j be ((-4)/3 - -2)*-6. Let r(s) = s**3 + 6*s**2 + 3*s - 4. Let d be r(j). Let h = d + 15. Is h a prime number?
True
Let p be 3/(-3)*(-1 - -8). Let w = p + 6. Is (1/(-3))/(w/141) composite?
False
Let s(o) = 39*o**2 - 5*o - 3. Let m(c) = 20*c**2 - 3*c - 2. Let y(d) = 5*m(d) - 2*s(d). Let l = -112 - -109. Is y(l) a composite number?
True
Let d be (-9)/9*5*1. Let a(v) = v**2 - 3*v - 5. Is a(d) composite?
True
Suppose -3*u = u. Suppose -3*w - 3 = -u. Is (-84)/20*w*5 a prime number?
False
Suppose -3*w + k + 204 = -2*w, -2*w + 4*k = -418. Is w a prime number?
True
Let z(o) be the second derivative of 17*o**4/12 - 2*o**3/3 - o**2 + o. Is z(-3) a prime number?
True
Suppose -5*c + 3*o = -16, -4*c + 0*o + o + 17 = 0. Let p be 69/21 + (-6)/21. Suppose -4*n + 74 = q, c*n = -p*q + 2*n + 186. Is q composite?
True
Let n be 0 + -2 + (-10)/(-2). Suppose 2*y + 211 = n*y. Is y prime?
True
Is (-2)/2 - 2 - -22 a prime number?
True
Suppose 0 = 5*s - 0*s. Suppose 30 = -s*a + 3*a. Suppose 5*d - 5 = 5*q, -a = -0*q - 5*q. Is d prime?
True
Suppose 0 = -4*u + 5506 + 850. Is u a prime number?
False
Let m(d) = 52*d**2 - d. Let p be 0 - (-1)/1 - 2. Let r be (-1)/2*(-1 + p). Is m(r) a composite number?
True
Let b(c) be the third derivative of 0*c + c**2 + 1/8*c**4 + 1/6*c**3 + 0 + 11/20*c**5. Is b(-2) composite?
False
Suppose 3*s - 2139 = 558. Is s composite?
True
Let h be 1/(-3) + 75/9. Let t(q) = q**3 - 9*q**2 - 6*q + 3. Let j(z) = z. Let k(g) = 5*j(g) - t(g). Is k(h) prime?
True
Is ((-5034)/(-8) - (-3)/(-12)) + 0 composite?
True
Is ((-148)/10)/((8/20)/(-1)) composite?
False
Let v(c) = -12*c**3 - 5*c**2 + c - 7. Is v(-4) a composite number?
False
Let k = 4 - 5. Let s be 42/1 + 3 - k. Let h = -24 + s. Is h prime?
False
Suppose 3*m = v - 79 - 334, -2*m + 2099 = 5*v. Is v a composite number?
False
Let p(r) = -2*r. Let m be p(6). Let c be m/(-16) + (-1354)/(-8). Suppose 3*s = 8*s - c. Is s a composite number?
True
Let z(a) = -14*a**2 - 4*a + 1. Let f(j) = 42*j**2 + 13*j - 4. Let v(w) = -2*f(w) - 7*z(w). Let b be v(2). Suppose 0 = -4*x + 15 + b. Is x a composite number?
False
Let g be (-2902 - -1)*(-2)/6. Suppose -3*m = 5*c - g, 3*m + 59 + 884 = 5*c. Is c prime?
True
Let z = 1 + -1. Is 1 + (z - 20/(-2)) a prime number?
True
Suppose -3*u - 3*f = -f, 5*u + 5*f = -5. Suppose -a - 1 - 169 = -5*i, -51 = -u*i - 3*a. Is i a prime number?
False
Let g = 501 - -1226. Suppose 5*t - 4*i + 2*i = g, 4*t - 5*i - 1368 = 0. Is t a prime number?
True
Let q(g) = 10*g**2 + 3*g + 15. Is q(-8) composite?
False
Let z be (2/(-4)*0)/2. Suppose z = 2*h - 10, 3*h = -3*a - 2*a + 1070. Is a a prime number?
True
Let g(a) be the second derivative of -1/6*a**4 - 2*a + 2*a**5 + 1/2*a**2 + 0*a**3 + 0. Is g(1) composite?
True
Let r be 538/2 + (-2 - -1). Is (-10)/4*r/(-10) composite?
False
Let m(a) = 2*a - 8. Let v be m(6). Let p(y) = -v + 7 + 3*y + 7*y. Is p(8) composite?
False
Let s be -1 + 1 + 274/2. Let g(z) = 2*z. Let o be g(11). Suppose -s = -5*n - o. Is n prime?
True
Suppose -108 = -5*g - 3*u, 6*u - 110 = -5*g + u. Let c = g - 5. Is (4 + -1)/(-3) + c a prime number?
False
Let g(n) = 7*n**2 - 18*n - 9. Let b(c) = -3*c**2 + 9*c + 5. Let m(j) = 5*b(j) + 2*g(j). Let o be m(7). Let l = o - 11. Is l a prime number?
False
Let v(a) be the second derivative of a**5/20 + 13*a**4/12 - 7*a**3/6 - 4*a**2 + 6*a. Is v(-13) a composite number?
False
Suppose -w + 2*w = -9. Let g = 4 + w. Let y = 14 + g. Is y a prime number?
False
Let d = 0 + 53. Is d a prime number?
True
Suppose 0 = 2*x + 3*t + 9, 3*t + 6 + 9 = 0. Suppose x*s = 7 + 5. Suppose 0 = -3*l + 3*v + 114, l - 2*l + 41 = -s*v. Is l a prime number?
True
Suppose 0 = 4*h - 3*j - 37 - 8, -3*h + 15 = 4*j. Let u(l) = -l**2 + 13*l + 1. Is u(h) a prime number?
True
Is (-14)/(-91) - 3454/(-26) composite?
True
Suppose 5*h = -3*h + 1016. Is h a composite number?
False
Let a = -18 - -4. Let b = 76 + -49. Let v = b + a. Is v a composite number?
False
Suppose -w = 2*w + 2*y - 15597, 10400 = 2*w + 2*y. Is w composite?
False
Let i = 0 + 4. Suppose -2*t = -2*k + 64, -i*t - 7 = -2*k + 53. Is k prime?
False
Let p(o) = 317*o - 1. Is p(2) a composite number?
True
Let x = 5 - 3. Suppose x*n - 12 = -2*n. Suppose 0 = -n*i + 7*i - 148. Is i prime?
True
Let d = 15 - 5. Is (-1027)/(-5) - (-6)/d a composite number?
True
Suppose 0 = -l, 2*s + 0 = -5*l + 8. Suppose -2*i = -2*j + 12, 6 = -s*i + j - 3*j. Let a = 0 - i. Is a prime?
True
Let s = 380 - 15. Is s a prime number?
False
Suppose 5*g + 355 = 2*a, a + 2*g - 13 - 178 = 0. Is a composite?
True
Suppose 3*o - 12 = 0, 3*o - 246 - 691 = -5*p. Is p prime?
False
Suppose 0 = -4*i + 689 + 1475. Is i a composite number?
False
Let b be 11 + -2 - 0/1. Let i = 13 - b. Suppose -v - o = -19, i*v + 12 = -5*o + 84. Is v a composite number?
False
Let v = -1 - -3. Suppose -3*k + v*k = -4, 2*b - 18 = -3*k. Suppose b*l = 3*f + 120, -2*l - 65 = -4*l - f. Is l prime?
False
Suppose -3*d + 0 + 6 = 0. Let p be 3 + (1 - d/2). Suppose -36 = -q - p*q. Is q prime?
False
Suppose 4*c = 2*c + 2078. Is c a prime number?
True
Suppose 5*n = 7 - 67. Is (-5 - n)*(-29)/(-1) composite?
True
Suppose -989 - 578 = -s. Is s a composite number?
False
Let g = -2 - -2. Suppose -2*t + 3*t - 2 = g. Is t prime?
True
Suppose -3*k + y - 178 = -5*k, -4*k + 3*y = -356. Is k composite?
False
Let k be ((-20)/(-4))/(1 + 0). Suppose -3*z = -l + 3 + 10, k*l = -5*z - 35. Is (l/(-2) - 2)*-11 prime?
True
Let z = 6977 - 4924. Is z prime?
True
Suppose 0 = 2*j + 2*n - 4, -4 = -j + 5*n + 4. Suppose -w = -4*r + 349, j*r - 3*w - 240 - 24 = 0. Is r a prime number?
False
Let n(t) = -t**2 + 7*t + 5. Let y = 12 - 7. Let l be 4*(y/2 - 1). Is n(l) composite?
False
Let p be -3 + 7/(-2)*-2. Suppose -p*g + 304 = -220. Is g composite?
False
Let s(a) = -75*a + 1. Let d be s(3). Let t = d + 369. Is t composite?
True
Let f(t) be the first derivative of t**2 - 3*t - 3. Let q be f(3). Suppose -q*m = -2*x - 153, 4 = 3*x - 5. Is m prime?
True
Suppose -b + 463 = -5*g, -2*b + 5*g + 57 + 864 = 0. Is b a prime number?
False
Let h be 4/(-18) + (-7748)/(-36). Let u = h + -121. Is u a prime number?
False
Suppose 979 = 2*w - 657. Is w composite?
True
Let y(t) = 4*t**3 - 18*t**2 - 4*t - 10. Let f(q) = 3*q**3 - 17*q**2 - 3*q - 9. Let g(m) = -5*f(m) + 4*y(m). Is g(-6) a composite number?
False
Let r = -321 - -1280. Is r prime?
False
Is ((-6)/(-4))/(2/(17540/15)) a prime number?
True
Suppose u - 18 = s, 2*u - 4*s + 33 = 3*u. Let m = u + -9. Suppose -11 = -h + m. Is h prime?
True
Let r(t) = -266*t + 1. Is r(-1) prime?
False
Let u(z) = 6*z + 4. Let i be u(-8). Let h = i + 63. Is h composite?
False
Let p be 2 + (-3)/3 + 1. Let a be p + -3 + (517 - 3). Suppose 0 = -3*c, -131 = -4*f - 3*c + a. Is f composite?
True
Let v(j) = -j + 3. Let s be v(0). Suppose -s*u = 5*f + 2*u - 100, 0 = 5*f - 2*u - 135. Is f a prime number?
False
Let r = -16 + 36. Is 830/4*r/25 prime?
False
Is ((-9)/(-6))/(12/2096) a prime number?
False
Suppose -2*p + 240 = -0*p. Let n = 179 - p. Is n composite?
False
Let r(z) = -z - 3. Let p be r(-6). Suppose 5*c = -m + p*c - 1, c + 39 = 5*m. Is (1 + -1)/3 + m a composite number?
False
Let x = 6482 - 3675. Is x composite?
True
Let i(m) = -2*m**3 - 9*m**2 + 10*m - 2. Let b be i(-7). Suppose -y = 0, u + 2*y - b = -10. Is u composite?
False
Suppose -13*j + 8*j = 2*a - 28313, 4*j + 3*a - 22649 = 0. Is j composite?
True
Suppose 35 = -4*x - q, 2*x + 5 = 2*q - 5. Let h = 15 + -8. Let o = h - x. Is o a composite number?
True
Let o = -1021 - -2138. Is o a prime number?
True
Let j(v) = 15*v**2 - 4*v + 3. Is j(2) prime?
False
Suppose 5*f - 54 = 2*y, 4*y = -6*f + f + 42. Is 4/f + 7465/25 a composite number?
True
Let b(t) = -t**2 - 2*t - 1. Let d be b(-1). Suppose 2*c + d*c = 162. Suppose p = -4*p + 10, k = -p + c. Is k composite?
False
Let l be 189/5 - (-1)/5. Suppose -5*h - 3*n + 35 = -l, 0 = -5*h + n + 69. Is h a prime number?
False
Is (6 - 39)*201/(-9) a composite number?
True
Let k = 17 + -12. Sup